{"id":21,"date":"2024-04-02T10:49:15","date_gmt":"2024-04-02T10:49:15","guid":{"rendered":"https:\/\/kapeker.weblexia.in\/?page_id=21"},"modified":"2024-04-04T12:07:48","modified_gmt":"2024-04-04T12:07:48","slug":"services","status":"publish","type":"page","link":"https:\/\/kapeker.weblexia.in\/index.php\/services\/","title":{"rendered":"services"},"content":{"rendered":"\t\t<div data-elementor-type=\"wp-page\" data-elementor-id=\"21\" class=\"elementor elementor-21\" data-elementor-post-type=\"page\">\n\t\t\t\t<div class=\"elementor-element elementor-element-27b39a7 e-flex e-con-boxed e-con e-parent\" data-id=\"27b39a7\" data-element_type=\"container\" data-settings=\"{&quot;background_background&quot;:&quot;classic&quot;}\" data-core-v316-plus=\"true\">\n\t\t\t\t\t<div class=\"e-con-inner\">\n\t\t<div class=\"elementor-element elementor-element-77524cd e-con-full e-flex e-con e-child\" data-id=\"77524cd\" data-element_type=\"container\">\n\t\t\t\t<div class=\"elementor-element elementor-element-7d41010 elementor-widget elementor-widget-image\" data-id=\"7d41010\" data-element_type=\"widget\" data-widget_type=\"image.default\">\n\t\t\t\t<div class=\"elementor-widget-container\">\n\t\t\t<style>\/*! elementor - v3.20.0 - 26-03-2024 *\/\n.elementor-widget-image{text-align:center}.elementor-widget-image a{display:inline-block}.elementor-widget-image a img[src$=\".svg\"]{width:48px}.elementor-widget-image img{vertical-align:middle;display:inline-block}<\/style>\t\t\t\t\t\t\t\t\t\t<img fetchpriority=\"high\" decoding=\"async\" width=\"800\" height=\"553\" src=\"https:\/\/kapeker.weblexia.in\/wp-content\/uploads\/2024\/04\/2z4jf3.jpg\" class=\"attachment-large size-large wp-image-341\" alt=\"\" srcset=\"https:\/\/kapeker.weblexia.in\/wp-content\/uploads\/2024\/04\/2z4jf3.jpg 900w, https:\/\/kapeker.weblexia.in\/wp-content\/uploads\/2024\/04\/2z4jf3-300x207.jpg 300w, https:\/\/kapeker.weblexia.in\/wp-content\/uploads\/2024\/04\/2z4jf3-768x531.jpg 768w\" sizes=\"(max-width: 800px) 100vw, 800px\" \/>\t\t\t\t\t\t\t\t\t\t\t\t\t<\/div>\n\t\t\t\t<\/div>\n\t\t\t\t<\/div>\n\t\t<div class=\"elementor-element elementor-element-b2d811c e-con-full e-flex e-con e-child\" data-id=\"b2d811c\" data-element_type=\"container\">\n\t\t<div class=\"elementor-element elementor-element-29a909d e-flex e-con-boxed e-con e-child\" data-id=\"29a909d\" data-element_type=\"container\">\n\t\t\t\t\t<div class=\"e-con-inner\">\n\t\t\t\t<div class=\"elementor-element elementor-element-d6fb58b elementor-widget elementor-widget-heading\" data-id=\"d6fb58b\" data-element_type=\"widget\" data-widget_type=\"heading.default\">\n\t\t\t\t<div class=\"elementor-widget-container\">\n\t\t\t<style>\/*! elementor - v3.20.0 - 26-03-2024 *\/\n.elementor-heading-title{padding:0;margin:0;line-height:1}.elementor-widget-heading .elementor-heading-title[class*=elementor-size-]>a{color:inherit;font-size:inherit;line-height:inherit}.elementor-widget-heading .elementor-heading-title.elementor-size-small{font-size:15px}.elementor-widget-heading .elementor-heading-title.elementor-size-medium{font-size:19px}.elementor-widget-heading .elementor-heading-title.elementor-size-large{font-size:29px}.elementor-widget-heading .elementor-heading-title.elementor-size-xl{font-size:39px}.elementor-widget-heading .elementor-heading-title.elementor-size-xxl{font-size:59px}<\/style><h1 class=\"elementor-heading-title elementor-size-default\">Szolg\u00e1ltat\u00e1saink:\n<\/h1>\t\t<\/div>\n\t\t\t\t<\/div>\n\t\t\t\t<div class=\"elementor-element elementor-element-6bd1162 elementor-widget elementor-widget-heading\" data-id=\"6bd1162\" data-element_type=\"widget\" data-widget_type=\"heading.default\">\n\t\t\t\t<div class=\"elementor-widget-container\">\n\t\t\t<h1 class=\"elementor-heading-title elementor-size-default\">a gy\u00e1rt\u00e1si folyamat\n<\/h1>\t\t<\/div>\n\t\t\t\t<\/div>\n\t\t\t\t\t<\/div>\n\t\t\t\t<\/div>\n\t\t\t\t<div class=\"elementor-element elementor-element-be2ec61 elementor-widget elementor-widget-text-editor\" data-id=\"be2ec61\" data-element_type=\"widget\" data-widget_type=\"text-editor.default\">\n\t\t\t\t<div class=\"elementor-widget-container\">\n\t\t\t<style>\/*! elementor - v3.20.0 - 26-03-2024 *\/\n.elementor-widget-text-editor.elementor-drop-cap-view-stacked .elementor-drop-cap{background-color:#69727d;color:#fff}.elementor-widget-text-editor.elementor-drop-cap-view-framed .elementor-drop-cap{color:#69727d;border:3px solid;background-color:transparent}.elementor-widget-text-editor:not(.elementor-drop-cap-view-default) .elementor-drop-cap{margin-top:8px}.elementor-widget-text-editor:not(.elementor-drop-cap-view-default) .elementor-drop-cap-letter{width:1em;height:1em}.elementor-widget-text-editor .elementor-drop-cap{float:left;text-align:center;line-height:1;font-size:50px}.elementor-widget-text-editor .elementor-drop-cap-letter{display:inline-block}<\/style>\t\t\t\tismerje meg a gy\u00e1rt\u00e1si folyamatainknak a r\u00e9szleteit, a kapcsol\u00f3d\u00f3 szolg\u00e1ltat\u00e1sokat, technol\u00f3gi\u00e1kat, amelyek alkalmaz\u00e1s\u00e1val juthat hozz\u00e1 meg\u00e1lmodott kapuj\u00e1hoz, ker\u00edt\u00e9s\u00e9hez.\n\n\t\t\t\t\t\t<\/div>\n\t\t\t\t<\/div>\n\t\t\t\t<div class=\"elementor-element elementor-element-7cb64f3 elementor-align-left elementor-widget elementor-widget-button\" data-id=\"7cb64f3\" data-element_type=\"widget\" data-widget_type=\"button.default\">\n\t\t\t\t<div class=\"elementor-widget-container\">\n\t\t\t\t\t<div class=\"elementor-button-wrapper\">\n\t\t\t<a class=\"elementor-button elementor-button-link elementor-size-sm\" href=\"https:\/\/kapeker.weblexia.in\/index.php\/contact\/\">\n\t\t\t\t\t\t<span class=\"elementor-button-content-wrapper\">\n\t\t\t\t\t\t<span class=\"elementor-button-text\">k\u00e9rjen aj\u00e1nlatot<\/span>\n\t\t<\/span>\n\t\t\t\t\t<\/a>\n\t\t<\/div>\n\t\t\t\t<\/div>\n\t\t\t\t<\/div>\n\t\t\t\t<\/div>\n\t\t\t\t\t<\/div>\n\t\t\t\t<\/div>\n\t\t<div class=\"elementor-element elementor-element-6f2464d e-flex e-con-boxed e-con e-parent\" data-id=\"6f2464d\" data-element_type=\"container\" data-core-v316-plus=\"true\">\n\t\t\t\t\t<div class=\"e-con-inner\">\n\t\t<div class=\"elementor-element elementor-element-25ca0ee e-con-full e-flex e-con e-child\" data-id=\"25ca0ee\" data-element_type=\"container\">\n\t\t\t\t<div class=\"elementor-element elementor-element-de58eba elementor-widget elementor-widget-heading\" data-id=\"de58eba\" data-element_type=\"widget\" data-widget_type=\"heading.default\">\n\t\t\t\t<div class=\"elementor-widget-container\">\n\t\t\t<h2 class=\"elementor-heading-title elementor-size-default\">tervez\u00e9s<\/h2>\t\t<\/div>\n\t\t\t\t<\/div>\n\t\t\t\t<div class=\"elementor-element elementor-element-5a95038 elementor-widget elementor-widget-text-editor\" data-id=\"5a95038\" data-element_type=\"widget\" data-widget_type=\"text-editor.default\">\n\t\t\t\t<div class=\"elementor-widget-container\">\n\t\t\t\t\t\t\tn\u00e1lunk a munk\u00e1k prec\u00edz tervez\u00e9s ut\u00e1n ker\u00fclnek gy\u00e1rt\u00e1sba. \u00d6n vagy \u00e9p\u00edt\u00e9sze elk\u00e9sz\u00edti a m\u00e9retezett terveket, mi azt a gy\u00e1rtm\u00e1nyra adapt\u00e1ljuk. ezt k\u00f6vet\u0151en egy m\u00e9retpontos gy\u00e1rt\u00e1si rajzot k\u00e9sz\u00edt\u00fcnk amit elfogadtatunk \u00d6nnel. ha ez megvan kezd\u0151dhet a gy\u00e1rt\u00e1s.\n\n\t\t\t\t\t\t<\/div>\n\t\t\t\t<\/div>\n\t\t\t\t<\/div>\n\t\t<div class=\"elementor-element elementor-element-ab2a55a e-con-full e-flex e-con e-child\" data-id=\"ab2a55a\" data-element_type=\"container\">\n\t\t\t\t<div class=\"elementor-element elementor-element-c5300e5 elementor-widget elementor-widget-heading\" data-id=\"c5300e5\" data-element_type=\"widget\" data-widget_type=\"heading.default\">\n\t\t\t\t<div class=\"elementor-widget-container\">\n\t\t\t<h2 class=\"elementor-heading-title elementor-size-default\">gy\u00e1rt\u00e1s<\/h2>\t\t<\/div>\n\t\t\t\t<\/div>\n\t\t\t\t<div class=\"elementor-element elementor-element-f7624b3 elementor-widget elementor-widget-text-editor\" data-id=\"f7624b3\" data-element_type=\"widget\" data-widget_type=\"text-editor.default\">\n\t\t\t\t<div class=\"elementor-widget-container\">\n\t\t\t\t\t\t\taz \u00d6n \u00e1ltal meg\u00e1lmodott \u00e9s prec\u00edz tervez\u00e9si folyamat ut\u00e1n kezd\u0151dik a m\u00e9gpontosabb, l\u00e9zerrel \u00e9s CNC vez\u00e9relt v\u00e1g\u00f3 \u00e9s hegeszt\u0151g\u00e9pek t\u00e1mogat\u00e1s\u00e1val, koll\u00e9g\u00e1ink elk\u00e9sz\u00edtik a meg\u00e1lmodott kaput, ker\u00edt\u00e9st. a sorozatban gy\u00e1rtott term\u00e9keink is ezt a gondos gy\u00e1rt\u00e1si folyamatot \u00e9lik meg.\n\n\t\t\t\t\t\t<\/div>\n\t\t\t\t<\/div>\n\t\t\t\t<\/div>\n\t\t<div class=\"elementor-element elementor-element-98b0d20 e-con-full e-flex e-con e-child\" data-id=\"98b0d20\" data-element_type=\"container\">\n\t\t\t\t<div class=\"elementor-element elementor-element-f581251 elementor-widget elementor-widget-heading\" data-id=\"f581251\" data-element_type=\"widget\" data-widget_type=\"heading.default\">\n\t\t\t\t<div class=\"elementor-widget-container\">\n\t\t\t<h2 class=\"elementor-heading-title elementor-size-default\">sz\u00e1ll\u00edt\u00e1s\n<\/h2>\t\t<\/div>\n\t\t\t\t<\/div>\n\t\t\t\t<div class=\"elementor-element elementor-element-bdc67ba elementor-widget elementor-widget-text-editor\" data-id=\"bdc67ba\" data-element_type=\"widget\" data-widget_type=\"text-editor.default\">\n\t\t\t\t<div class=\"elementor-widget-container\">\n\t\t\t\t\t\t\taz elk\u00e9sz\u00fclt term\u00e9ket gondosan becsomagoljuk, \u00e9s ker\u00fcl a m\u00e9ret\u00e9t\u0151l f\u00fcgg\u0151en kalod\u00e1ba \u00e9s teheraut\u00f3ra, vagy trailerre..a prec\u00edz, gondos csomagol\u00e1snak k\u00f6sz\u00f6nhet\u0151en a sz\u00e1ll\u00edt\u00e1s k\u00f6zben nem s\u00e9r\u0171l a term\u00e9k.\n\n\t\t\t\t\t\t<\/div>\n\t\t\t\t<\/div>\n\t\t\t\t<\/div>\n\t\t<div class=\"elementor-element elementor-element-311ae2a e-con-full e-flex e-con e-child\" data-id=\"311ae2a\" data-element_type=\"container\">\n\t\t\t\t<div class=\"elementor-element elementor-element-6a35c5c elementor-widget elementor-widget-heading\" data-id=\"6a35c5c\" data-element_type=\"widget\" data-widget_type=\"heading.default\">\n\t\t\t\t<div class=\"elementor-widget-container\">\n\t\t\t<h2 class=\"elementor-heading-title elementor-size-default\">k\u00f6m\u0171ves munk\u00e1k\n<\/h2>\t\t<\/div>\n\t\t\t\t<\/div>\n\t\t\t\t<div class=\"elementor-element elementor-element-7aabe44 elementor-widget elementor-widget-text-editor\" data-id=\"7aabe44\" data-element_type=\"widget\" data-widget_type=\"text-editor.default\">\n\t\t\t\t<div class=\"elementor-widget-container\">\n\t\t\t\t\t\t\ta be\u00e9p\u00edtend\u0151 eszk\u00f6z\u00f6knek, ker\u00edt\u00e9selemeknek sz\u00fcks\u00e9g\u00fck van tart\u00f3 oszlopokra, ezeket az oszlopokat mi ugyan\u00fagy a ker\u00edt\u00e9s r\u00e9sz\u00e9nek tartjuk mint az automatik\u00e1kat tapasztalt koll\u00e9g\u00e1ink egy preciziosan \u00f6nt\u00f6tt beton ker\u00edt\u00e9sl\u00e1bazatot telep\u00edtenek \u00d6nnek ig\u00e9bny eset\u00e9n,\n\n\t\t\t\t\t\t<\/div>\n\t\t\t\t<\/div>\n\t\t\t\t<\/div>\n\t\t<div class=\"elementor-element elementor-element-4efd955 e-con-full e-flex e-con e-child\" data-id=\"4efd955\" data-element_type=\"container\">\n\t\t\t\t<div class=\"elementor-element elementor-element-0223b66 elementor-widget elementor-widget-heading\" data-id=\"0223b66\" data-element_type=\"widget\" data-widget_type=\"heading.default\">\n\t\t\t\t<div class=\"elementor-widget-container\">\n\t\t\t<h2 class=\"elementor-heading-title elementor-size-default\">telep\u00edt\u00e9s<\/h2>\t\t<\/div>\n\t\t\t\t<\/div>\n\t\t\t\t<div class=\"elementor-element elementor-element-dd255d2 elementor-widget elementor-widget-text-editor\" data-id=\"dd255d2\" data-element_type=\"widget\" data-widget_type=\"text-editor.default\">\n\t\t\t\t<div class=\"elementor-widget-container\">\n\t\t\t\t\t\t\ta telep\u00edt\u00e9st vagy a m\u00e1r el\u0151zetesen el\u0151k\u00e9sz\u00edtett vagy a sz\u00e1ll\u00edt\u00e1s napj\u00e1n \u00e1tvett munkater\u00fcleten v\u00e9gezz\u00fck. Mivel a felm\u00e9r\u00e9s egy igen gondos, r\u00e9szletes munkafolyamat, aminek fontos szerepe van abban, hogy maga a telep\u00edt\u00e9s m\u00e1r ne j\u00e1rjon zajjal, porral. Term\u00e9szetesen teljesen nem lehet elker\u00fclni, de a csiszol\u00e1s, k\u00f6sz\u00f6r\u00fcl\u00e9s, reszel\u00e9s, \u00e1ltal\u00e1ban m\u00e1r nem r\u00e9sze a helys.zini munk\u00e1nak. .\n\t\t\t\t\t\t<\/div>\n\t\t\t\t<\/div>\n\t\t\t\t<\/div>\n\t\t<div class=\"elementor-element elementor-element-13f5d21 e-con-full e-flex e-con e-child\" data-id=\"13f5d21\" data-element_type=\"container\">\n\t\t\t\t<div class=\"elementor-element elementor-element-7e3010d elementor-widget elementor-widget-heading\" data-id=\"7e3010d\" data-element_type=\"widget\" data-widget_type=\"heading.default\">\n\t\t\t\t<div class=\"elementor-widget-container\">\n\t\t\t<h2 class=\"elementor-heading-title elementor-size-default\">automatiz\u00e1l\u00e1s<\/h2>\t\t<\/div>\n\t\t\t\t<\/div>\n\t\t\t\t<div class=\"elementor-element elementor-element-db44556 elementor-widget elementor-widget-text-editor\" data-id=\"db44556\" data-element_type=\"widget\" data-widget_type=\"text-editor.default\">\n\t\t\t\t<div class=\"elementor-widget-container\">\n\t\t\t\t\t\t\t<div class=\"mt-item cf\"><div class=\"b b-text cf\"><div class=\"b-c b-text-c b-s b-s-t60 b-s-b60 b-cs cf\"><p>ma m\u00e1r kapu, vagy ker\u00edt\u00e9s szinte mindegyike automatiz\u00e1lva ker\u00fcl telep\u00edt\u00e9sre. munk\u00e1nk komplexit\u00e1sa pontosan abban rejlik, hogy a k\u0151m\u0171ves mellett az automatika szerel\u00e9s\u00e9rt sem kell ujabb iparost keresni. koll\u00e9g\u00e1ink nagy szak\u00e9rtelemmel telep\u00edtik az automatik\u00e1kat a kieg\u00e9sz\u00edt\u0151ikkel egy\u00fctt.<\/p><\/div><\/div><\/div>\t\t\t\t\t\t<\/div>\n\t\t\t\t<\/div>\n\t\t\t\t<\/div>\n\t\t<div class=\"elementor-element elementor-element-5cc72af e-con-full e-flex e-con e-child\" data-id=\"5cc72af\" data-element_type=\"container\">\n\t\t\t\t<div class=\"elementor-element elementor-element-6e72105 elementor-widget elementor-widget-heading\" data-id=\"6e72105\" data-element_type=\"widget\" data-widget_type=\"heading.default\">\n\t\t\t\t<div class=\"elementor-widget-container\">\n\t\t\t<h2 class=\"elementor-heading-title elementor-size-default\">kaputelefon<\/h2>\t\t<\/div>\n\t\t\t\t<\/div>\n\t\t\t\t<div class=\"elementor-element elementor-element-9c3ed35 elementor-widget elementor-widget-text-editor\" data-id=\"9c3ed35\" data-element_type=\"widget\" data-widget_type=\"text-editor.default\">\n\t\t\t\t<div class=\"elementor-widget-container\">\n\t\t\t\t\t\t\tahogy az automatik\u00e1k \u00fagy a kaputelefon is r\u00e9sze egy kapu, \u00e9s ker\u00edt\u00e9srendszernek. koll\u00e9g\u00e1ink ezt is telep\u00edtik az \u00d6n kapuj\u00e1ra.\n\t\t\t\t\t\t<\/div>\n\t\t\t\t<\/div>\n\t\t\t\t<\/div>\n\t\t\t\t\t<\/div>\n\t\t\t\t<\/div>\n\t\t\t\t<\/div>\n\t\t","protected":false},"excerpt":{"rendered":"<p>Szolg\u00e1ltat\u00e1saink: a gy\u00e1rt\u00e1si folyamat ismerje meg a gy\u00e1rt\u00e1si folyamatainknak a r\u00e9szleteit, a kapcsol\u00f3d\u00f3 szolg\u00e1ltat\u00e1sokat, technol\u00f3gi\u00e1kat, amelyek alkalmaz\u00e1s\u00e1val juthat hozz\u00e1 meg\u00e1lmodott kapuj\u00e1hoz, ker\u00edt\u00e9s\u00e9hez. k\u00e9rjen aj\u00e1nlatot tervez\u00e9s n\u00e1lunk a munk\u00e1k prec\u00edz tervez\u00e9s ut\u00e1n ker\u00fclnek gy\u00e1rt\u00e1sba. \u00d6n vagy \u00e9p\u00edt\u00e9sze elk\u00e9sz\u00edti a m\u00e9retezett terveket, mi azt a gy\u00e1rtm\u00e1nyra adapt\u00e1ljuk. ezt k\u00f6vet\u0151en egy m\u00e9retpontos gy\u00e1rt\u00e1si rajzot k\u00e9sz\u00edt\u00fcnk amit elfogadtatunk \u00d6nnel. [&hellip;]<\/p>\n","protected":false},"author":1,"featured_media":0,"parent":0,"menu_order":0,"comment_status":"closed","ping_status":"closed","template":"","meta":{"footnotes":""},"_links":{"self":[{"href":"https:\/\/kapeker.weblexia.in\/index.php\/wp-json\/wp\/v2\/pages\/21"}],"collection":[{"href":"https:\/\/kapeker.weblexia.in\/index.php\/wp-json\/wp\/v2\/pages"}],"about":[{"href":"https:\/\/kapeker.weblexia.in\/index.php\/wp-json\/wp\/v2\/types\/page"}],"author":[{"embeddable":true,"href":"https:\/\/kapeker.weblexia.in\/index.php\/wp-json\/wp\/v2\/users\/1"}],"replies":[{"embeddable":true,"href":"https:\/\/kapeker.weblexia.in\/index.php\/wp-json\/wp\/v2\/comments?post=21"}],"version-history":[{"count":28,"href":"https:\/\/kapeker.weblexia.in\/index.php\/wp-json\/wp\/v2\/pages\/21\/revisions"}],"predecessor-version":[{"id":356,"href":"https:\/\/kapeker.weblexia.in\/index.php\/wp-json\/wp\/v2\/pages\/21\/revisions\/356"}],"wp:attachment":[{"href":"https:\/\/kapeker.weblexia.in\/index.php\/wp-json\/wp\/v2\/media?parent=21"}],"curies":[{"name":"wp","href":"https:\/\/api.w.org\/{rel}","templated":true}]}}